Is h a composite number?
True
Let r = 19449 + 132022. Is r composite?
False
Let p = -2221 - -4737. Let i be -2 - (-2 - -1 - p). Let r = i + -1258. Is r a prime number?
False
Suppose 0 = g + 2*r - 954931, 0 = -3*r - 13 + 1. Is g a composite number?
True
Let g be -1 - (-119)/35 - 4/10. Suppose -2*k + 5*i = 39, -2*k - 33 = g*k - i. Let x(d) = -103*d - 32. Is x(k) prime?
False
Let q = 746 + -746. Suppose q = -17*u + 20*u - 81933. Is u a composite number?
True
Let g(u) = -2*u**3 + 7*u**2 - u + 1. Let b be g(3). Is 13/((-13)/(-17204)) + b prime?
False
Suppose -958*y + 949*y = -6222222. Is y composite?
True
Let q = 19838 - 10239. Is q composite?
True
Suppose -5*g = z - 25692, -2*g = -2*z - 19717 + 71041. Is z a composite number?
False
Let a(j) = -j**3 - 6*j**2 - 163*j + 187. Is a(-29) composite?
True
Let x(d) = 1401*d - 36. Let m be x(-5). Let y = -3955 - m. Is y a prime number?
False
Let d(m) = -2*m**3 - 2*m**2 + 3*m + 6. Let v be d(-2). Suppose v*x - 2399 = 6*x + u, 2*x - 2405 = 3*u. Is x prime?
False
Let v be (-2)/1 + 2/1. Let l = -829 + 831. Is l/4 + v + 51272/16 prime?
False
Let o(v) = -27582*v - 6503. Is o(-55) composite?
False
Suppose -2382479 = -13484*x + 13473*x. Is x a prime number?
False
Suppose -1991665 - 325177 = -22*h. Is h composite?
True
Let u = 17 + -16. Let r be -1 + (2 - -3)*u. Suppose -4*h + r*z + 1220 = -0*z, -4 = z. Is h a prime number?
False
Suppose -6*r + 5*r - 742 = 0. Let j be 366168/220 - 6/(-10). Let k = j + r. Is k a prime number?
False
Let z(v) = -18*v - 43. Suppose 5*u + 67 = -2*g, 2*g = u - 0*u + 11. Let i be 0 + -2 + u - 4. Is z(i) composite?
True
Let g = -4026 - -253. Let j = -1660 - g. Let x = -1224 + j. Is x composite?
True
Let l(k) = 3*k + 2204*k**2 - 5 - 840*k**2 + 1299*k**2 + 1726*k**2. Is l(1) a prime number?
False
Let m be (-9)/(270/(-456))*300. Let b = m - 2339. Is b composite?
False
Suppose 127*a - 134*a = -33397. Suppose 242*x = 243*x - a. Is x a composite number?
True
Suppose u = 3*y - 7, 2*u - 5 = -y + u. Suppose -2*m + y*m = 8013. Suppose 7*b - m + 1580 = 0. Is b composite?
False
Let m = 0 - -3. Suppose 269*s = 267*s + 8. Suppose -501 - 2275 = -4*i - m*z, 2*i - 1410 = s*z. Is i prime?
False
Let q be (7/(21/12))/(1 - -3). Let k be -2*(q - (1 + -2)). Is 1869 + (-4 + k - -4) composite?
True
Suppose -2830 = -164*u + 159*u. Let y = -187 + u. Is y composite?
False
Let s(r) = -30*r - 108. Let h be s(-14). Is 69878/6 + 13/(h/16) composite?
True
Let v(t) = 12*t**2 + 9*t + 44. Let z be v(19). Suppose z = 17*o - 3035. Is o a composite number?
True
Let b(n) = 37*n**2 + 4. Let s(j) be the first derivative of j**2 + 9*j + 1. Let q be s(-3). Is b(q) a composite number?
False
Let h be 24/40 - 952416/(-40). Suppose 0 = 11*g - 14*g + h. Is g a composite number?
False
Let k(n) = -3*n + 24. Let c be k(7). Suppose c*z - 31 = 2*w, 3*z - 3*w - 35 = w. Is ((-4683)/z)/(-7)*3 prime?
True
Let d = 8997 + 40841. Is d a composite number?
True
Let h(r) be the third derivative of 51*r**6/10 - r**5/12 + r**4/6 + 2*r**3/3 - 68*r**2 - 3. Is h(3) composite?
True
Let f(d) = -2*d**3 - 12*d**2 + 3*d + 3. Let u be f(6). Let j = -352 - u. Is j prime?
True
Let o(r) = 3*r**2 - 24*r - 31. Let d be o(16). Let u = d + -234. Is u a prime number?
False
Suppose -92724 + 1302854 + 293314 = 12*z. Is z a prime number?
True
Let b = -206 + 374. Suppose v = 13*v - b. Suppose 8*j - v*j = -5442. Is j a composite number?
False
Let s(f) = -f**2 + 11*f + 9. Let n be s(14). Let y be ((-22)/n)/(2/1149). Let q = y + -4. Is q composite?
False
Let w = -6908 - -12169. Is w composite?
False
Suppose -4*u - 287 = -39. Is (0 + -662)/(u/93) a composite number?
True
Let q = -3706 - -3704. Let u(f) be the third derivative of 211*f**5/30 - f**4/12 + f**3/6 - f**2. Is u(q) a composite number?
False
Suppose 67*r - 577950 = 42*r. Is (18/27)/(0 + 2/r) a composite number?
True
Let i = 32 + -27. Suppose u - 3*j - 12 = -4*u, -5*j - 20 = i*u. Suppose -2*n + u*f - f = -615, -3*f + 310 = n. Is n a composite number?
False
Let k be 6 + -5 + 5 + -1. Suppose -2*y + 1 = -k. Suppose 5*f - y*c = 14095, 0*c = c. Is f a composite number?
False
Let v(m) = 1196*m**2 + 50*m - 19. Is v(14) prime?
False
Let g(w) = 48*w + 3. Let h be g(1). Let k = h + -44. Let l(o) = 49*o - 12. Is l(k) a composite number?
False
Let k(a) = -1812*a**2 + 38*a + 15. Let q(i) = 1208*i**2 - 25*i - 10. Let o(j) = 5*k(j) + 8*q(j). Is o(3) a prime number?
False
Suppose 4*g + 47150 = 2*o + 11704, -3*g = 7*o - 124061. Is o a prime number?
False
Let b be (8 + -6 - -2) + 12. Suppose b*n - 8*n - 12424 = 0. Is n a composite number?
False
Let c = 7929 + -13679. Let s = c - -11427. Is s a composite number?
True
Let t(v) = 185*v**2 - 58*v + 5. Let l be t(-7). Suppose 20*j - l = 3144. Is j composite?
False
Suppose -4 = -2*d - 5*v, 3*v + 5 = -d + 7. Suppose -d*t - 54 = 4*c - 5*t, -3*c + 2*t = 40. Is ((-15)/c + (-1)/4)*89 prime?
True
Let u = 94494 - -155513. Is u composite?
False
Let n = 34 - 32. Let k = n - -3. Suppose m + k*v - 673 = 0, 5*m - 3365 = -2*v - v. Is m a prime number?
True
Suppose -28*b + 16*b = -476172. Suppose 24*n - b = 15*n. Is n prime?
True
Suppose -5*s + 8 + 7 = 3*n, -3*n - 4*s = -12. Suppose -12*a - 19041 + 50613 = n. Is a a prime number?
False
Suppose -3*s - 39*s + 1018374 = 0. Is s a prime number?
True
Let f be ((-2596)/5)/((16/(-20))/4). Suppose -3*x + f = -5003. Is x a prime number?
False
Let m(v) = -106*v + 69. Let d be m(11). Let t be (-9464)/(-6) - 12/(-18). Let l = t + d. Is l composite?
True
Suppose l + 5*v = 12109 + 7975, 2*v = 3*l - 60269. Is l a prime number?
True
Let v(h) be the second derivative of h**4/2 + 41*h**3/6 - 4*h**2 + 66*h. Is v(-34) a prime number?
False
Suppose -m + 5 = 0, -3*k - 2*k = -5*m - 39985. Is k prime?
False
Suppose -8*h + 3*h + 2385 = 0. Suppose -2*v - v = -h. Suppose c = -3*d + v, 4*d = 4*c + 113 + 99. Is d a composite number?
False
Let m be 9 - (108/9 + -8). Suppose 14979 = 4*j - m*x - 1189, j - x - 4041 = 0. Is j a composite number?
True
Let m = 829 - 1430. Let n = m - -381. Let i = n + 363. Is i a prime number?
False
Let r(f) = 318*f + 6391. Is r(34) composite?
False
Let a(m) be the second derivative of 0 - 1/2*m**2 + 2/3*m**3 + 379/12*m**4 - 25*m. Is a(2) composite?
False
Let m = -58 + 58. Suppose -13521 = -5*z - 2*d, m = -3*z + 3*d - 1400 + 9500. Suppose 0*y + 2*c - 1084 = -2*y, 5*y = 2*c + z. Is y a composite number?
False
Let c be 37618*(10/4 - 1). Suppose -63925 = -5*f - 4*q, -4*f + c - 5287 = 5*q. Is f composite?
True
Suppose 6*t + 33 = 3*f + t, -5*f - t + 27 = 0. Is (2 - 0) + f/(18/18015) prime?
True
Suppose -45*h + 50*h - 50960 = 0. Suppose -27*n + 75181 = h. Is n composite?
True
Let s = -58 - -69. Suppose -38 - s = -7*d. Suppose 67 = d*u - 2824. Is u a prime number?
False
Let t be ((-1)/1)/(8/(-6 + 14)). Is (t + (-56)/(-4))*17 composite?
True
Suppose -7*z = -4*w - 11*z + 1972, 0 = -3*w - z + 1487. Let i = w + -384. Is i composite?
False
Let d(t) = 230*t + 7. Let u(c) = c**2 - 27*c + 84. Let s be u(24). Is d(s) a prime number?
True
Let p = -68 + 68. Is (-1418)/(-5)*((-715)/(-22) + p) a composite number?
True
Let h = -115 + 118. Suppose 9 = -3*l - h*t, 4*l - t + 4*t = -12. Let i(s) = -48*s**3 + s**2 - 9*s - 13. Is i(l) prime?
True
Let y(i) = -i**2 + 9*i - 15. Let d be y(5). Suppose 0 = z + d. Is (-14012)/(-20) + (-2)/z a composite number?
False
Suppose -58141 = -25*o + 2234034. Is o composite?
True
Suppose 8*z + 22256 = 10*z. Let p = z - 7475. Is p a prime number?
False
Suppose 255453 = 3*h - 115*p + 111*p, 2*h = p + 170297. Is h a composite number?
False
Let x(l) = -46*l**3 - 86*l**2 + 19*l - 4. Is x(-15) prime?
False
Let c(r) = 4044*r**2 + 57*r - 122. Is c(13) a prime number?
False
Let h = -276 + 346. Let s = h - 51. Is s composite?
False
Let l be (3/(30/(-44)))/(11 - (-30186)/(-2745)). Suppose -d + 2058 + 195 = 0. Let x = l + d. Is x composite?
False
Let o(f) = 4*f - 35 - 43 + 57. Let b be o(6). Suppose -b*g - 8050 = -j, -2*g - 24171 = -j - 2*j. Is j prime?
True
Let t = 75 - 64. Is ((-6011040)/44)/(-8) + 2/t prime?
True
Let b = 29401 - 15380. Is b composite?
True
Suppose 0 = s + 13*m - 314247, -3*s - 54*m + 942901 = -55*m. Is s a composite number?
False
Suppose 0*z + 9*z - 211252 - 425129 = 0. Is z composite?
False
Suppose 5*p + 4 = 4*p, 0 = 3*j + 4*p - 8429. Supp